{"id":3,"date":"2021-12-19T07:11:32","date_gmt":"2021-12-19T07:11:32","guid":{"rendered":"https:\/\/miredmagica.com\/?page_id=3"},"modified":"2021-12-26T08:16:39","modified_gmt":"2021-12-26T08:16:39","slug":"privacy-policy","status":"publish","type":"page","link":"https:\/\/mymagicnet.com\/?page_id=3","title":{"rendered":"Privacidad"},"content":{"rendered":"\n<p><strong>MI RED MAGICA<\/strong>, se compromete a garantizar la seguridad y confidencialidad de los datos de car\u00e1cter personal facilitados de acuerdo con las leyes de protecci\u00f3n de datos y privacidad.<\/p>\n\n\n\n<p>Te aconsejamos que dediques unos minutos a leer esta Pol\u00edtica de Privacidad y que lo hagas cada vez que visites nuestra p\u00e1gina Web, para ayudarte a entender c\u00f3mo recopilamos, empleamos, tratamos y protegemos tus datos personales.<\/p>\n\n\n\n<p><strong>\u00bfQui\u00e9n es el Responsable del tratamiento de tus datos?<\/strong><\/p>\n\n\n\n<p>Todos los datos que nos facilites se incorporar\u00e1n a un fichero creado y mantenido bajo la responsabilidad de <strong>MI RED MAGICA<\/strong>. Puedes ponerte en contacto con nosotros en el tel\u00e9fono 628538888 o por correo electr\u00f3nico escribiendo a <a href=\"mailto:info@miredmagica.com\">info@miredmagica.com<\/a><\/p>\n\n\n\n<p><strong>Recopilaci\u00f3n de datos de car\u00e1cter personal<\/strong><\/p>\n\n\n\n<p>Puede que recopilemos datos, incluida informaci\u00f3n de car\u00e1cter personal tales como tu nombre, direcci\u00f3n, direcci\u00f3n de correo electr\u00f3nico, n\u00famero de tel\u00e9fono, informaci\u00f3n de inicio de sesi\u00f3n, preferencias de marketing o informaci\u00f3n de cuentas de redes sociales. cuando:<\/p>\n\n\n\n<ul class=\"wp-block-list\"><li>Cumplimentas alg\u00fan formulario en nuestra Web o participas en alguna encuesta.<\/li><li>Navegues por nuestra p\u00e1gina Web.<\/li><li>Interact\u00faes con nosotros en Redes Sociales.<\/li><li>Contactes con nosotros por otros medios tales como tel\u00e9fono, correo electr\u00f3nico, correo postal o fax.<\/li><li>Te registres para utilizar nuestros servicios o asistir a cualquiera de nuestros eventos.<\/li><li>Ten en cuenta que nuestra p\u00e1gina Web y servicios, pueden tener tecnolog\u00edas que nos permitan comprobar su uso, detectar posibles errores t\u00e9cnicos o incidencias, recopilar informaci\u00f3n del modo en que se utilizan y del sistema operativo o del entorno en el que se usan.<\/li><\/ul>\n\n\n\n<p><strong>\u00bfCon qu\u00e9 finalidad tratamos tus datos personales?<\/strong><\/p>\n\n\n\n<p>Usamos sus datos para:<\/p>\n\n\n\n<p>Responder a tus preguntas, dudas o inquietudes.<\/p>\n\n\n\n<p>Realizar encuestas con el objetivo de evaluar, mantener y mejorar nuestros contenidos Web para ofrecerte un mejor servicio.<\/p>\n\n\n\n<p>Enviarte publicidad e informaci\u00f3n de nuestros productos y servicios.<\/p>\n\n\n\n<p>Responder al ejercicio de los derechos de privacidad, as\u00ed como a consultas y reclamaciones.<\/p>\n\n\n\n<p>Personalizar tu experiencia en nuestra Web.<\/p>\n\n\n\n<p><strong>\u00bfPor cu\u00e1nto tiempo conservamos tus datos?<\/strong><\/p>\n\n\n\n<p>Los datos personales que nos proporciones se conservar\u00e1n mientras se mantenga la relaci\u00f3n con nosotros y\/o no solicites la supresi\u00f3n de los mismos.<\/p>\n\n\n\n<p><strong>\u00bfCu\u00e1l es la legitimaci\u00f3n para el tratamiento de tus datos?<\/strong><\/p>\n\n\n\n<p>A trav\u00e9s de nuestra web puedes estar proporcionado datos de car\u00e1cter personal que pasar\u00e1n a formar parte de un fichero bajo la responsabilidad de <strong>MI RED MAGICA<\/strong>. La base legal para el tratamiento de tus datos est\u00e1 basada en el consentimiento que te solicitamos al recabar esos datos y\/o en la necesidad de contar con los mismos para procesar tus solicitudes y cumplir con los compromisos que adquirimos contigo.<\/p>\n\n\n\n<p><strong>\u00bfPor cu\u00e1nto tiempo mantendremos tus datos en nuestros sistemas?<\/strong><\/p>\n\n\n\n<p>Los datos personales que nos proporciones se conservar\u00e1n mientras se mantenga la relaci\u00f3n con nosotros y\/o no solicites la supresi\u00f3n de los mismos.<\/p>\n\n\n\n<p><strong>\u00bfComunicaremos tus datos a terceros?<\/strong><\/p>\n\n\n\n<p>A menos que as\u00ed lo exija la legislaci\u00f3n aplicable, no facilitaremos tu informaci\u00f3n a terceras partes sin tu permiso. En concreto se comunicar\u00e1n a la Agencia Estatal de la Administraci\u00f3n Tributaria y a bancos y entidades financieras para el cobro de los servicios contratados.<\/p>\n\n\n\n<p><strong>\u00bfCu\u00e1les son tus derechos cuando nos facilitas tus datos?<\/strong><\/p>\n\n\n\n<p>La pol\u00edtica de privacidad de la <strong>MI RED MAGICA<\/strong> te asegura, en todo caso, el ejercicio de tus derechos en los t\u00e9rminos establecidos en la legislaci\u00f3n vigente. Puedes hacerlo dirigiendo un escrito a <strong>MI RED MAGICA<\/strong>, enviando un correo electr\u00f3nico a info@miredmagica.com .<\/p>\n\n\n\n<p><strong>Concretamente, cualquier persona tiene derecho a:<\/strong><\/p>\n\n\n\n<p>A saber si estamos tratando sus datos o no, c\u00f3mo los estamos tratando y a tener acceso a los mismos.<\/p>\n\n\n\n<p>A solicitar la rectificaci\u00f3n de sus datos si son inexactos o incluso la supresi\u00f3n de sus datos si ya no son necesarios para los fines para los que fueron recogidos o si no retira el consentimiento otorgado.<\/p>\n\n\n\n<p>A oponerse al tratamiento de sus datos.<\/p>\n\n\n\n<p>En algunos supuestos, a solicitar la limitaci\u00f3n del tratamiento de sus datos, en cuyo caso s\u00f3lo los conservaremos de acuerdo con la normativa vigente.<\/p>\n\n\n\n<p>A disponer de los datos que haya facilitado electr\u00f3nicamente, en un formato estructurado, de uso com\u00fan o lectura mec\u00e1nica. Si lo prefiere, que se env\u00eden esos datos a otra empresa (si es t\u00e9cnicamente posible).<\/p>\n\n\n\n<p>A presentar una reclamaci\u00f3n ante la Agencia Espa\u00f1ola de Protecci\u00f3n de Datos, si cree que no se le ha atendido correctamente.<\/p>\n\n\n\n<p>A revocar el consentimiento para cualquier tratamiento para el que hayas consentido, en cualquier momento.<\/p>\n\n\n\n<p>Si modificas alg\u00fan dato, te agradecemos que nos lo comuniques para mantenerlos actualizados.<\/p>\n\n\n\n<p><strong>\u00bfC\u00f3mo hemos obtenido tus datos?<\/strong><\/p>\n\n\n\n<p>Toda la informaci\u00f3n personal que tenemos nos la has facilitado presencialmente, a trav\u00e9s del formulario de contacto, a trav\u00e9s de nuestra p\u00e1gina Web o por correo electr\u00f3nico. Solo en casos excepcionales completaremos la informaci\u00f3n que nos facilitas con fuentes p\u00fablicas.<\/p>\n\n\n\n<p>Los datos de car\u00e1cter personal que tratamos son principalmente datos de identificaci\u00f3n y contacto tales como, nombre, direcci\u00f3n, direcci\u00f3n de correo electr\u00f3nico, n\u00famero de tel\u00e9fono; datos relativos a preferencias de marketing, y en caso de contrataci\u00f3n de alg\u00fan servicio, datos bancarios.<\/p>\n\n\n\n<p>No se tratan datos especialmente protegidos.<\/p>\n\n\n\n<p><strong>Nuestro compromiso en materia de privacidad<\/strong><\/p>\n\n\n\n<p>Para garantizar la seguridad de tus datos de car\u00e1cter personal, comunicamos nuestras directrices en materia de privacidad y seguridad a todos nuestros colaboradores y adoptamos las medidas correspondientes para proteger la privacidad dentro de la organizaci\u00f3n.<\/p>\n\n\n\n<p><strong>Mantenimiento de la Pol\u00edtica de Privacidad<\/strong><\/p>\n\n\n\n<p><strong>MI RED MAGICA<\/strong> se reserva el derecho a enmendar o modificar esta Pol\u00edtica de Privacidad en cualquier momento y\/o en respuesta a los cambios que afecten a la legislaci\u00f3n aplicable en materia de privacidad y protecci\u00f3n de datos.<\/p>\n\n\n\n<p>Si por cualquier causa decidi\u00e9ramos utilizar la informaci\u00f3n personal e identificable de manera diferente a la establecida hasta ahora, te lo notificar\u00edamos v\u00eda correo electr\u00f3nico. Tendr\u00e1s la posibilidad de autorizarnos o no, a utilizar esta informaci\u00f3n de manera diferente. Utilizaremos la informaci\u00f3n de acuerdo con la pol\u00edtica de privacidad bajo la que recogimos la informaci\u00f3n.<\/p>\n\n\n\n<p><strong>Cookies y otras tecnolog\u00edas<\/strong><\/p>\n\n\n\n<p>Al navegar por nuestra p\u00e1gina Web, podremos recabar cierta informaci\u00f3n como, versi\u00f3n del navegador, direcci\u00f3n IP, sistema operativo, proveedor de internet, n\u00famero de accesos, fecha\/hora, etc. Recopilamos estos datos con la intenci\u00f3n de administrar nuestra Web, as\u00ed como para conocer la conducta de nuestros clientes y poder personalizar los productos y\/o servicios que ofrecer a los mismos. Todos los datos que de alguna manera puedan servir para identificarte y que por tanto, se consideren datos de car\u00e1cter personal, ser\u00e1n tratados como tales por <strong>MI RED MAGICA<\/strong>.<\/p>\n\n\n\n<p>En algunos de nuestros mensajes de correo electr\u00f3nico podremos utilizar un enlace personalizado, vinculado a la Web de <strong>MI RED MAGICA<\/strong>. Al hacer clic en alguno de estos enlaces, el cliente pasa directamente a la p\u00e1gina de destino dentro de nuestra Web. En este sentido podremos hacer un seguimiento en nuestra Web de los clics recibidos, para determinar los intereses sobre temas espec\u00edficos y valorar la eficacia de nuestras comunicaciones a clientes. Si no quieres que realicemos ese seguimiento, no hagas clic en los v\u00ednculos textuales o gr\u00e1ficos incluidos en los mensajes de correo electr\u00f3nico.<\/p>\n","protected":false},"excerpt":{"rendered":"<p>MI RED MAGICA, se compromete a garantizar la seguridad y confidencialidad de los datos de car\u00e1cter personal facilitados de acuerdo con las leyes de protecci\u00f3n de datos y privacidad. Te aconsejamos que dediques unos minutos a leer esta Pol\u00edtica de Privacidad y que lo hagas cada vez que visites nuestra p\u00e1gina Web, para ayudarte a [&hellip;]<\/p>\n","protected":false},"author":1,"featured_media":0,"parent":0,"menu_order":0,"comment_status":"closed","ping_status":"closed","template":"","meta":{"footnotes":""},"class_list":["post-3","page","type-page","status-publish","czr-hentry"],"yoast_head":"<!-- This site is optimized with the Yoast SEO plugin v25.9 - https:\/\/yoast.com\/wordpress\/plugins\/seo\/ -->\n<title>Privacidad - mymagicnet.com<\/title>\n<meta name=\"robots\" content=\"noindex, follow, max-snippet:-1, max-image-preview:large, max-video-preview:-1\" \/>\n<meta property=\"og:locale\" content=\"es_ES\" \/>\n<meta property=\"og:type\" content=\"article\" \/>\n<meta property=\"og:title\" content=\"Privacidad - mymagicnet.com\" \/>\n<meta property=\"og:description\" content=\"MI RED MAGICA, se compromete a garantizar la seguridad y confidencialidad de los datos de car\u00e1cter personal facilitados de acuerdo con las leyes de protecci\u00f3n de datos y privacidad. Te aconsejamos que dediques unos minutos a leer esta Pol\u00edtica de Privacidad y que lo hagas cada vez que visites nuestra p\u00e1gina Web, para ayudarte a [&hellip;]\" \/>\n<meta property=\"og:url\" content=\"https:\/\/mymagicnet.com\/?page_id=3\" \/>\n<meta property=\"og:site_name\" content=\"mymagicnet.com\" \/>\n<meta property=\"article:modified_time\" content=\"2021-12-26T08:16:39+00:00\" \/>\n<meta name=\"twitter:card\" content=\"summary_large_image\" \/>\n<meta name=\"twitter:label1\" content=\"Tiempo de lectura\" \/>\n\t<meta name=\"twitter:data1\" content=\"6 minutos\" \/>\n<script type=\"application\/ld+json\" class=\"yoast-schema-graph\">{\"@context\":\"https:\/\/schema.org\",\"@graph\":[{\"@type\":\"WebPage\",\"@id\":\"https:\/\/mymagicnet.com\/?page_id=3\",\"url\":\"https:\/\/mymagicnet.com\/?page_id=3\",\"name\":\"Privacidad - mymagicnet.com\",\"isPartOf\":{\"@id\":\"https:\/\/mymagicnet.com\/#website\"},\"datePublished\":\"2021-12-19T07:11:32+00:00\",\"dateModified\":\"2021-12-26T08:16:39+00:00\",\"breadcrumb\":{\"@id\":\"https:\/\/mymagicnet.com\/?page_id=3#breadcrumb\"},\"inLanguage\":\"es\",\"potentialAction\":[{\"@type\":\"ReadAction\",\"target\":[\"https:\/\/mymagicnet.com\/?page_id=3\"]}]},{\"@type\":\"BreadcrumbList\",\"@id\":\"https:\/\/mymagicnet.com\/?page_id=3#breadcrumb\",\"itemListElement\":[{\"@type\":\"ListItem\",\"position\":1,\"name\":\"Portada\",\"item\":\"https:\/\/mymagicnet.com\/\"},{\"@type\":\"ListItem\",\"position\":2,\"name\":\"Privacidad\"}]},{\"@type\":\"WebSite\",\"@id\":\"https:\/\/mymagicnet.com\/#website\",\"url\":\"https:\/\/mymagicnet.com\/\",\"name\":\"mymagicnet.com\",\"description\":\"mymagicnet \u00b7 Cloud services\",\"publisher\":{\"@id\":\"https:\/\/mymagicnet.com\/#organization\"},\"potentialAction\":[{\"@type\":\"SearchAction\",\"target\":{\"@type\":\"EntryPoint\",\"urlTemplate\":\"https:\/\/mymagicnet.com\/?s={search_term_string}\"},\"query-input\":{\"@type\":\"PropertyValueSpecification\",\"valueRequired\":true,\"valueName\":\"search_term_string\"}}],\"inLanguage\":\"es\"},{\"@type\":\"Organization\",\"@id\":\"https:\/\/mymagicnet.com\/#organization\",\"name\":\"mymagicnet.com\",\"url\":\"https:\/\/mymagicnet.com\/\",\"logo\":{\"@type\":\"ImageObject\",\"inLanguage\":\"es\",\"@id\":\"https:\/\/mymagicnet.com\/#\/schema\/logo\/image\/\",\"url\":\"https:\/\/mymagicnet.com\/wp-content\/uploads\/2021\/12\/cropped-Logomiredhorizontalmagica.png\",\"contentUrl\":\"https:\/\/mymagicnet.com\/wp-content\/uploads\/2021\/12\/cropped-Logomiredhorizontalmagica.png\",\"width\":3879,\"height\":798,\"caption\":\"mymagicnet.com\"},\"image\":{\"@id\":\"https:\/\/mymagicnet.com\/#\/schema\/logo\/image\/\"}}]}<\/script>\n<!-- \/ Yoast SEO plugin. -->","yoast_head_json":{"title":"Privacidad - mymagicnet.com","robots":{"index":"noindex","follow":"follow","max-snippet":"max-snippet:-1","max-image-preview":"max-image-preview:large","max-video-preview":"max-video-preview:-1"},"og_locale":"es_ES","og_type":"article","og_title":"Privacidad - mymagicnet.com","og_description":"MI RED MAGICA, se compromete a garantizar la seguridad y confidencialidad de los datos de car\u00e1cter personal facilitados de acuerdo con las leyes de protecci\u00f3n de datos y privacidad. Te aconsejamos que dediques unos minutos a leer esta Pol\u00edtica de Privacidad y que lo hagas cada vez que visites nuestra p\u00e1gina Web, para ayudarte a [&hellip;]","og_url":"https:\/\/mymagicnet.com\/?page_id=3","og_site_name":"mymagicnet.com","article_modified_time":"2021-12-26T08:16:39+00:00","twitter_card":"summary_large_image","twitter_misc":{"Tiempo de lectura":"6 minutos"},"schema":{"@context":"https:\/\/schema.org","@graph":[{"@type":"WebPage","@id":"https:\/\/mymagicnet.com\/?page_id=3","url":"https:\/\/mymagicnet.com\/?page_id=3","name":"Privacidad - mymagicnet.com","isPartOf":{"@id":"https:\/\/mymagicnet.com\/#website"},"datePublished":"2021-12-19T07:11:32+00:00","dateModified":"2021-12-26T08:16:39+00:00","breadcrumb":{"@id":"https:\/\/mymagicnet.com\/?page_id=3#breadcrumb"},"inLanguage":"es","potentialAction":[{"@type":"ReadAction","target":["https:\/\/mymagicnet.com\/?page_id=3"]}]},{"@type":"BreadcrumbList","@id":"https:\/\/mymagicnet.com\/?page_id=3#breadcrumb","itemListElement":[{"@type":"ListItem","position":1,"name":"Portada","item":"https:\/\/mymagicnet.com\/"},{"@type":"ListItem","position":2,"name":"Privacidad"}]},{"@type":"WebSite","@id":"https:\/\/mymagicnet.com\/#website","url":"https:\/\/mymagicnet.com\/","name":"mymagicnet.com","description":"mymagicnet \u00b7 Cloud services","publisher":{"@id":"https:\/\/mymagicnet.com\/#organization"},"potentialAction":[{"@type":"SearchAction","target":{"@type":"EntryPoint","urlTemplate":"https:\/\/mymagicnet.com\/?s={search_term_string}"},"query-input":{"@type":"PropertyValueSpecification","valueRequired":true,"valueName":"search_term_string"}}],"inLanguage":"es"},{"@type":"Organization","@id":"https:\/\/mymagicnet.com\/#organization","name":"mymagicnet.com","url":"https:\/\/mymagicnet.com\/","logo":{"@type":"ImageObject","inLanguage":"es","@id":"https:\/\/mymagicnet.com\/#\/schema\/logo\/image\/","url":"https:\/\/mymagicnet.com\/wp-content\/uploads\/2021\/12\/cropped-Logomiredhorizontalmagica.png","contentUrl":"https:\/\/mymagicnet.com\/wp-content\/uploads\/2021\/12\/cropped-Logomiredhorizontalmagica.png","width":3879,"height":798,"caption":"mymagicnet.com"},"image":{"@id":"https:\/\/mymagicnet.com\/#\/schema\/logo\/image\/"}}]}},"_links":{"self":[{"href":"https:\/\/mymagicnet.com\/index.php?rest_route=\/wp\/v2\/pages\/3","targetHints":{"allow":["GET"]}}],"collection":[{"href":"https:\/\/mymagicnet.com\/index.php?rest_route=\/wp\/v2\/pages"}],"about":[{"href":"https:\/\/mymagicnet.com\/index.php?rest_route=\/wp\/v2\/types\/page"}],"author":[{"embeddable":true,"href":"https:\/\/mymagicnet.com\/index.php?rest_route=\/wp\/v2\/users\/1"}],"replies":[{"embeddable":true,"href":"https:\/\/mymagicnet.com\/index.php?rest_route=%2Fwp%2Fv2%2Fcomments&post=3"}],"version-history":[{"count":3,"href":"https:\/\/mymagicnet.com\/index.php?rest_route=\/wp\/v2\/pages\/3\/revisions"}],"predecessor-version":[{"id":310,"href":"https:\/\/mymagicnet.com\/index.php?rest_route=\/wp\/v2\/pages\/3\/revisions\/310"}],"wp:attachment":[{"href":"https:\/\/mymagicnet.com\/index.php?rest_route=%2Fwp%2Fv2%2Fmedia&parent=3"}],"curies":[{"name":"wp","href":"https:\/\/api.w.org\/{rel}","templated":true}]}}